{"id":10,"date":"2018-01-18T06:59:20","date_gmt":"2018-01-18T06:59:20","guid":{"rendered":"http:\/\/naturheilpraxis-linss.de\/?page_id=10"},"modified":"2018-03-27T21:27:54","modified_gmt":"2018-03-27T21:27:54","slug":"homoeopathie","status":"publish","type":"page","link":"https:\/\/www.naturheilpraxis-linss.de\/?page_id=10","title":{"rendered":"Hom\u00f6opathie"},"content":{"rendered":"<p><strong><u>Klassische Hom\u00f6opathie<\/u><\/strong><\/p>\n<p>Ende des 18. Jahrhunderts wurde die Hom\u00f6opathie von dem Arzt, Chemiker und Apotheker\u00a0Dr. Samuel Hahnemann (1755-1843) begr\u00fcndet.\u00a0Die Grundlage seiner Therapie ist das zentrale Heilgesetz Similia Similibus Curentur (\u00c4hnliches werde durch \u00c4hnliches geheilt).\u00a0Die Hom\u00f6opathie baut auf nat\u00fcrlichen Gesetzm\u00e4\u00dfigkeiten auf und betrachtet den Mensch in seiner Gesamtheit.\u00a0Gesundheit ist das ausgewogene k\u00f6rperliche, seelische, geistige und soziale Gleichgewicht und das subjektive Wohlbefinden der Person (Dorcsi).\u00a0Der Mensch in seiner harmonischen Ordnung ist gesund.\u00a0Hahnemann nennt dieses Ordnungsprinzip Lebenskraft.\u00a0Kommt die harmonische Ordnung aus dem Gleichgewicht, ist die Lebenskraft bem\u00fcht, diese St\u00f6rung zu beheben und produziert dabei Symptome.\u00a0Hom\u00f6opathie unterst\u00fctzt den Organismus und sein Immunsystem in ihren individuellen Heilungsbestrebungen.\u00a0Die innere St\u00f6rung dr\u00fcckt sich meist auf verschiedenen Ebenen aus. Die Hom\u00f6opathie behandelt diese Symptome nicht isoliert voneinander, sondern betrachtet alle Vorg\u00e4nge im Organismus in ihrer Gesamtheit.<\/p>\n<p>Nur so kann das individuell passende Mittel gefunden werden.<\/p>\n","protected":false},"excerpt":{"rendered":"<p>Klassische Hom\u00f6opathie Ende des 18. Jahrhunderts wurde die Hom\u00f6opathie von dem Arzt, Chemiker und Apotheker\u00a0Dr. Samuel Hahnemann (1755-1843) begr\u00fcndet.\u00a0Die Grundlage seiner Therapie ist das zentrale Heilgesetz Similia Similibus Curentur (\u00c4hnliches werde durch \u00c4hnliches geheilt).\u00a0Die Hom\u00f6opathie baut auf nat\u00fcrlichen Gesetzm\u00e4\u00dfigkeiten auf und betrachtet den Mensch in seiner Gesamtheit.\u00a0Gesundheit ist das ausgewogene k\u00f6rperliche, seelische, geistige und soziale&hellip;<\/p>\n","protected":false},"author":1,"featured_media":0,"parent":0,"menu_order":0,"comment_status":"closed","ping_status":"closed","template":"","meta":{"footnotes":""},"class_list":["post-10","page","type-page","status-publish","hentry"],"_links":{"self":[{"href":"https:\/\/www.naturheilpraxis-linss.de\/index.php?rest_route=\/wp\/v2\/pages\/10","targetHints":{"allow":["GET"]}}],"collection":[{"href":"https:\/\/www.naturheilpraxis-linss.de\/index.php?rest_route=\/wp\/v2\/pages"}],"about":[{"href":"https:\/\/www.naturheilpraxis-linss.de\/index.php?rest_route=\/wp\/v2\/types\/page"}],"author":[{"embeddable":true,"href":"https:\/\/www.naturheilpraxis-linss.de\/index.php?rest_route=\/wp\/v2\/users\/1"}],"replies":[{"embeddable":true,"href":"https:\/\/www.naturheilpraxis-linss.de\/index.php?rest_route=%2Fwp%2Fv2%2Fcomments&post=10"}],"version-history":[{"count":4,"href":"https:\/\/www.naturheilpraxis-linss.de\/index.php?rest_route=\/wp\/v2\/pages\/10\/revisions"}],"predecessor-version":[{"id":77,"href":"https:\/\/www.naturheilpraxis-linss.de\/index.php?rest_route=\/wp\/v2\/pages\/10\/revisions\/77"}],"wp:attachment":[{"href":"https:\/\/www.naturheilpraxis-linss.de\/index.php?rest_route=%2Fwp%2Fv2%2Fmedia&parent=10"}],"curies":[{"name":"wp","href":"https:\/\/api.w.org\/{rel}","templated":true}]}}